mine b(-9).
-13
Let d(m) = -16*m + 40. Let n(r) = -3*r + 8. Let t(o) = -2*d(o) + 11*n(o). Suppose 3*v - 57 = -42. Give t(v).
3
Let h(o) = o. Let m(u) = -u - 1. Let t(y) = 5*h(y) + m(y). Let z = 697 - 699. Determine t(z).
-9
Let k(s) = -s**3 - 6*s**2 - 2*s + 2. Suppose 0 = -7*v + 2*v + 280. Suppose 2*m + v = 6*m. Let b be 105/(-49) + 2/m. Give k(b).
-10
Suppose -4 = -2*y + 6*y. Let a(p) = p**3 - p**2 + p - 1. Let h(j) = -j**3 + j**2 + 2*j. Let n(z) = y*h(z) + a(z). Calculate n(2).
5
Let q(u) = -u**2 + u. Let n be (5/10)/(1/(-4)). Let p(f) = -f**3 + 7*f - 2. Let z(c) = n*q(c) + p(c). Let y = -224 + 227. Calculate z(y).
4
Let p = 2121 + -6361/3. Let b(w) be the second derivative of 11*w + 0*w**2 + p*w**3 + 1/4*w**4 + 0. Calculate b(-3).
15
Let r(p) = -8*p**3 - p**2 + p - 2. Let s(t) = 31*t**3 + 4*t**2 - 4*t + 9. Let q be 36/21 - 2/(-7). Let c(o) = q*s(o) + 9*r(o). Let z = 2 + -1. What is c(z)?
-10
Let f(h) be the third derivative of 0 + 0*h + 1/6*h**3 + 1/120*h**6 - 1/20*h**5 - 1/8*h**4 + 21*h**2. What is f(2)?
-9
Suppose -7 = 2*g - 13. Let p(n) = -3*n**2 - 4*n + 2. Determine p(g).
-37
Let p(b) be the first derivative of b**3/3 + 3*b**2/2 - 2*b - 3. Let k be p(-4). Let h(g) = g + 1. Let c(m) = -3*m. Let f(s) = c(s) + 2*h(s). Calculate f(k).
0
Let m(n) = -n + 7. Let p be (15*(-6)/9)/(-2). Suppose 5*b + 0*b = -p*c - 20, 5*b + 16 = -4*c. Suppose b = -11*w + 9*w. Determine m(w).
7
Let g(p) = p**3 + 7*p**2 - 6*p + 11. Let s be (-6)/14*14/4*-2. Suppose -12 = -t + 14. Suppose -s*q = -2*x - 31, 0*x + 2*x - 2*q + t = 0. Calculate g(x).
-5
Let g(u) = 19*u + 6 - 12 - 5. Let y be g(1). Let a(w) = -w**2 + 8*w - 1. Calculate a(y).
-1
Let v(s) = -12*s + 3. Let k(h) = 11 + 7*h**2 + 11*h - 9*h**2 - 3. Let d be k(6). Give v(d).
-21
Let d(n) = -n**3 + 5*n**2 + 2. Let x be d(5). Let h(l) = 8*l**2 - 5*l + 3. Give h(x).
25
Let h be 6/((-6)/5) + (-3 - -2). Let k(z) = z**2 + 5*z + 9. Calculate k(h).
15
Suppose q = 3*q - 12. Let c(f) = 21. Let w(g) = g + 62. Let l(t) = -7*c(t) + 2*w(t). Let o(k) = k - 11. Let a(s) = q*l(s) - 13*o(s). Calculate a(0).
5
Let u be 1/((-3)/(-11)) - (-28)/21. Suppose l = -4*f - 9, 3*f - u*l + 11 + 13 = 0. Let q(n) = 5*n + 2. What is q(f)?
-13
Suppose -5*m + 86 + 9 = 0. Suppose 0 = -5*v + 4 - m. Let i(h) be the third derivative of -h**6/120 - h**5/20 + h**4/12 + h**3/6 + 45*h**2. Give i(v).
-5
Suppose 304*r = 292*r. Let u(t) = t**3 - t**2 - t + 18. Determine u(r).
18
Suppose 4*n + 3*k = 2*n - 12, -3*n + 4 = -k. Let a(j) = -28 + 14 - 2*j + n*j. What is a(-11)?
8
Let q(i) = 2*i**3 + i - 7*i + 6 - 3 + 4*i + 3*i**2. What is q(-3)?
-18
Let d be -6*((-11)/(-3) - 3). Let x be d/(-3)*(-24)/(-16). Let w(r) = 0*r**2 + 2*r - 5*r**3 - r**2 + 1 - x. Give w(1).
-5
Suppose 14*p = -49 - 7. Let l(t) = 5*t**2 + t - 11. Let u(o) = -4*o**2 + 10. Let q(r) = 5*l(r) + 6*u(r). Give q(p).
1
Let x(t) = t**3 + 9*t**2 + 7*t - 6. Let f = -1126 - -1118. What is x(f)?
2
Let m(f) be the third derivative of -2 - 31*f**2 + f**3 + 0*f - 1/12*f**4. Let x = 13 + -8. Give m(x).
-4
Suppose -3*v - 21 = -3*c, -5*v - 27*c = -31*c + 32. Let t(j) = -j**3 - 3*j**2 + 3*j - 3. Give t(v).
1
Let r(g) be the third derivative of 0 + 12*g**2 + 0*g**3 + 0*g - 1/24*g**4. Determine r(0).
0
Let c(y) = -7*y**2 - 3*y + 4. Let s(n) = -n**2 + n - 1. Let a(k) = c(k) + 3*s(k). Determine a(-1).
-9
Let t(a) = -a**3 + 6*a**2 - 6. Suppose 4*i - 45 = 3. Suppose -j = -6*j - 30. Let m = i + j. What is t(m)?
-6
Let n(a) be the second derivative of -2*a**5/15 + a**3/6 + 6*a**2 - 9*a. Let m(g) be the first derivative of n(g). What is m(1)?
-7
Let r(f) = -9*f - 7. Let t(k) = -12*k - 10. Let m(u) = 7*r(u) - 5*t(u). What is m(6)?
-17
Suppose 0*o - 6 = -o. Let y(q) be the third derivative of -q**4/24 - q**3 + 2*q**2. Let w(g) = -g - 7. Let p(l) = -4*w(l) + 5*y(l). What is p(o)?
-8
Let d(k) = k**2 + 4*k - 63. Let v be d(-10). Let r(p) = -p**2 - 2*p - 1. What is r(v)?
-4
Let t be 1/(-6) + (-3 - (-2596)/24). Let c(v) = -6 + 2*v**2 - 3*v**2 + t*v - 97*v. Suppose 0 = -0*y - 2*y + 14. Determine c(y).
1
Let y(x) = x**3 - 11. Let h be (-2)/10 + (-11)/(-5). Let q(t) = -h*t + 0*t - 4*t + 5*t + 11. Let r be q(11). What is y(r)?
-11
Let v(j) = 12*j. Suppose -g + 13 - 9 = 0. Suppose -g*h - 4 = -0*h - c, 5*c - 20 = h. Suppose 3*y - 6*y + x + 8 = 0, -2*y - x - 3 = h. What is v(y)?
12
Let p = -391 + 387. Let w(j) = -j**2 + j + 3. Give w(p).
-17
Let h(o) = o**3 - o. Let r(t) = 2. Let f(c) = h(c) - r(c). Give f(0).
-2
Let o(k) = 2*k**2 - 2*k + 4. Suppose 12 = -5*b + m + 36, 2*b - m = 12. Give o(b).
28
Let p = -19 - -10. Let k = 10 + p. Let r(a) = 2*a + 11*a - 4*a - 8*a + k. Give r(2).
3
Let c = 15 + -10. Let s(d) be the second derivative of -d**5/40 + d**4/4 + 4*d**3/3 - 15*d. Let o(p) be the second derivative of s(p). Calculate o(c).
-9
Let m(j) = 2*j + 2. Let h = 57 - 22. Let l be 2/(-8) + h/(-20). Determine m(l).
-2
Suppose -4*y = 3*a - 11 - 1, -15 = -5*y + 5*a. Let r(b) be the first derivative of -3*b**2 - 4*b + 1 - 1/3*b**y. Give r(-6).
-4
Let b(v) = -v - 1. Suppose -3*i + 6*i - 12 = 0. Suppose 0 + 3 = c + n, c - i*n = 3. Suppose 0*d + c*d - 15 = 0. Determine b(d).
-6
Let u = -13 - -13. Let o(b) = -b**3 - 3*b**2 + 5*b + 3. Let w be o(-4). Let h = w - u. Let v(d) = 8*d**3 - d**2. Determine v(h).
-9
Let y(a) = a**2 - 9*a + 9. Let d(g) = -g**3 - 3*g**2 + 2*g - 2. Let m(s) = -2*s**2 + 18*s - 4. Let t be m(9). Let i be d(t). Give y(i).
-9
Suppose -2*h + 1 = 3*u, -h = -2*u - 1 - 3. Let n(x) = x**3. Let j(k) = 5*k**3 - k**2 - 1. Let l(f) = -j(f) + 4*n(f). Calculate l(h).
-3
Let f(d) = 2*d**3 + 16*d**2 + 13*d - 10. Let j be f(-7). Let x(h) = 2*h + 3. Determine x(j).
-3
Let n(w) = -w + 4. Let g be n(-6). Let z = -6 + g. Let k(m) = 48*m**3 - 6*m**2 + 5*m + 4 - 1 - 47*m**3. Determine k(z).
-9
Suppose -4*w + 78 = 14. Let f = -21 + w. Let i(y) be the second derivative of -y**3/6 - 3*y**2/2 + 3*y - 1. Calculate i(f).
2
Let s(p) = -13 - 10*p**2 - 11*p**2 - 3*p**2 + 10*p + 25*p**2. Give s(-11).
-2
Let c(k) = k**2 - 3*k - 14. Suppose -l + 2 = f, -5 + 47 = 5*f - 3*l. Calculate c(f).
4
Let t(u) = -15*u**2 - 1. Let w(d) = d**3 - 6*d**2 + 4*d + 21. Let v be w(5). Let n be (-18 + v)*(-1)/(-4)*2. Determine t(n).
-16
Let f(z) = -z - 12. Let r = -650 + 657. Calculate f(r).
-19
Let b(i) be the second derivative of -i**5/30 - i**4/12 - i**3/6 - i**2 + 9*i. Let n(s) be the first derivative of b(s). What is n(-1)?
-1
Let a(p) = p**3 + 8*p**2 + 10*p + 1. Let b be a(-7). Let n(h) = -3*h + 52. Let d be n(23). Let o = d - b. Let w(j) = -2*j**2 + 5*j - 2. Give w(o).
-5
Let y be ((-4)/3)/((-6)/27). Let l(x) be the third derivative of -x**6/120 + x**5/10 + x**4/24 + 2*x**2 + 450. Calculate l(y).
6
Let y(h) = h. Suppose -4*q + 20 = 0, -5*i - 2*q = 2*q - 130. Let x = i + -19. Suppose -x*a - a = -16. Determine y(a).
4
Let a = 1 + -6. Let t(z) = z**2 + 24*z + 10*z**2 + 6*z**3 + 7*z**3 + 4*z**2 + 7. Let d(w) = 3*w**3 + 4*w**2 + 6*w + 2. Let h(n) = 9*d(n) - 2*t(n). Give h(a).
-1
Let z(r) = -r**3 + 3*r**2 + 5*r - 6. Let g(y) = y**2 - 8*y - 5. Let u be g(9). Let h(m) = -m**3 + 5*m**2. Let x be h(u). Suppose -24 = -2*o - x. Calculate z(o).
-2
Suppose -5*j - t = -0*t - 35, 5*j - 35 = 5*t. Let u(z) = -7*z - 1. Let d(a) = 8*a + 1. Let c(o) = 6*d(o) + 7*u(o). Determine c(j).
-8
Let s(h) = 2*h**2 + 5*h + 3. Suppose 0 = -3*l + 6, -j + l = -0*l. Let f be -4 + 4 - 1 - j. Determine s(f).
6
Suppose -4*d + 33 = 3*s + 3, -4*s - 4*d + 36 = 0. Let g(v) = v**3 - 5*v**2 - v - 6. What is g(s)?
24
Let w(q) = 2*q**2 + 5*q - 4. Let t(p) = -2*p**2 + 4*p - 5. Let y be t(0). Calculate w(y).
21
Let p(t) = 2*t + 27. Suppose 3*o = -4*w - 28 - 18, -o - 37 = 3*w. Give p(w).
1
Let t(y) = 3*y + 2. Let a(x) = -x**2 + 24*x + 5. Let z(o) = -a(o) + 6*t(o). Let d = -1 - -7. Calculate z(d).
7
Let l(r) = r - 7 + 9 + 0*r. Let k(y) = -y**2 + 12*y - 12. Let a be k(9). Suppose -2*i + a = i. Calculate l(i).
7
Suppose 200*i - 195*i = 10. Let h(c) = 2*c**2 - 6*c + 6. Determine h(i).
2
Suppose -19 = -4*w - 11. Let a(p) = -2*p**3 - 2*p**2 + 2*p**w - 4*p**2 + 3*p**2 + 1. Suppose -2*h = 2*o - 8, 21 = 2*h - 3*h + 4*o. Determine a(h).
2
Let z(t) = -11*t**2 + 2*t - 5. Let g(d) = 10*d**2 - 2*d + 4. Let q(i) = 5*g(i) + 4*z(i). What is q(1)?
4
Suppose -7*f + 27 + 155 = 0. Let w = -21 + f. Let t(k) = -k**3 + 5*k**2 - k - 3. 